. Let k(d) = -3*d**3 + 2*d**2 - 5*d + 1. Let b(j) = 5*k(j) - 4*l(j). Is b(m) prime?
False
Let b = 14044 - 6695. Is b a prime number?
True
Let d = 1494 - -19639. Is d prime?
False
Suppose r - 9 = -5*w - 0*r, 3*w + 5*r - 1 = 0. Suppose -635 = g - w*g. Is (g/(-25))/((-3)/15) prime?
True
Let j be (-3)/1 + (-1 - 6109). Let a = -4224 - j. Is a a prime number?
True
Let p = -51 + 55. Is 0 + -697*(-4)/p a prime number?
False
Is (228434/(-4))/(80/(-160)) a composite number?
False
Is 425550/18 + (-10)/15 a composite number?
True
Suppose 0 = 2*m + 3*a - 1523, -4*a + 1522 = 2*m - 0*m. Suppose 2317 = 6*x + m. Is x composite?
True
Let t be 58/87*15/2. Suppose -g - u = -214, -g = -t*u - 83 - 113. Is g prime?
True
Let p = -7255 - -29114. Is p composite?
False
Let v = -167 + 350. Let l = -86 + v. Is l prime?
True
Suppose 5*o = -t + 21, 5*o + 3*t + 0 = 13. Suppose 3*z + 302 = o*f - 0*z, -5*f + 4*z = -306. Is f composite?
True
Let d(h) = 4*h**3 - 12*h**2 + 5*h + 17. Is d(8) a prime number?
False
Is 4857 + (6 + -1 - 1) a prime number?
True
Let n(d) = 394*d + 357. Is n(10) a composite number?
False
Let z(m) = 11*m**3 - 3*m**2 + 2*m - 6. Let f be z(-6). Let k be (1/(-3))/(2/f). Suppose 0 = -5*n - 4*l + 2*l + k, n - 4*l = 101. Is n a composite number?
True
Suppose 8 = -4*l, 0 = t - l + 6*l - 101. Is t composite?
True
Let v = -18156 - -7121. Is v/(-10) - (-2)/(-4) a prime number?
True
Suppose 7485 = 5*w - 5*k, 5988 = -2*w + 6*w + k. Is w prime?
False
Let i = -43 + 47. Suppose 440 = i*b + 2*q, 5*q = -0*b - 3*b + 323. Is b a composite number?
True
Let u = 7 + -4. Suppose 2*z = -2*c + 1326, 2*c + 2894 = u*z + 885. Is z prime?
False
Let g = 6 - 6. Let w(t) = -143*t - 1. Let v be w(-1). Suppose 3*h + s = v, -h - s = -g*s - 44. Is h a prime number?
False
Let b be (-152)/(-20) + (-4)/(-10). Let g be (b/(-2))/(16/(-12)). Suppose g*c + 1054 = 5*c. Is c prime?
False
Is 12/6 - -3*(-2391)/(-9) a composite number?
True
Let a(i) = -45*i**3 + 3*i**2 - 3*i - 8. Suppose 18*o - 15*o = -9. Is a(o) prime?
False
Suppose -4*v = j - 12, 4*j + 2*v - 15 = -3*v. Suppose -k + 33 - 1 = j. Suppose -3*l = 9, s = -l + 16 + k. Is s a composite number?
True
Let t(j) = 57*j**2 + 22*j - 19. Let k be t(-11). Suppose 0*g = -2*g + 6. Is ((-1)/g)/((-4)/k) a prime number?
False
Let w be (-4)/(-10) + 462/(-30). Let l(u) = 2*u + 30. Let r be l(w). Suppose -o = -r*o - 109. Is o a prime number?
True
Suppose 1503 = 3*t - 3*y - 6000, -5*t - y = -12517. Is t a composite number?
False
Suppose 3*a = -11 + 56. Suppose 15*d = 10*d + a. Is d a composite number?
False
Let a be 2/(((-20)/4)/(-130)). Suppose 4*i - a = 80. Is i prime?
False
Let r(j) = -43*j**2 + 4*j + 4. Let b be r(-10). Let d = b + 2658. Let l = d + 2675. Is l a composite number?
False
Let y be ((-2385)/12)/((-2)/(-8)). Let w = y - -2354. Is w a composite number?
False
Let y(f) = f**3 + f - 1. Let a(v) = -2*v**3 + 3*v**2 - 2*v + 3. Let z(n) = a(n) + 5*y(n). Is z(3) prime?
False
Let j = 17 + -21. Let l be -1*(j + 2 - 3). Suppose 3*s + 389 = 3*a + l*s, -2*a + 2*s = -246. Is a a prime number?
True
Let b(x) = 4*x**2 - 7*x + 2. Let z be b(2). Suppose z*w = -w + 635. Is w a prime number?
True
Suppose 4*u - 75410 = 2*g, -u + 0*g + 5*g + 18848 = 0. Is u a composite number?
True
Suppose 0 = -3*n - u + 1 + 11, 5*n = 2*u + 9. Suppose -732 = -4*v - 4*w, v + n*w + 0*w = 175. Is v prime?
False
Let p be (1/(-2))/((-1)/(-860)). Let y be (0 - -746)*(-18)/12. Let x = p - y. Is x prime?
False
Suppose -77*f + 74*f = -5205. Is f prime?
False
Let u(l) = -l - 9. Let y be u(-11). Let g = y + 6. Is ((-1948)/g)/(2/(-4)) prime?
True
Let k be -2*(0 - (-771)/(-6)). Is ((2 - 1)*k)/1 a composite number?
False
Let b(m) = 12*m**2 - 30*m - 211. Is b(-42) prime?
False
Let m = 26564 + 8957. Is m prime?
True
Let b(o) = 19270*o**2 + 16*o - 19. Is b(1) a composite number?
False
Let f(i) = i**2 + 11*i + 14. Let b be f(-8). Let p(r) = -18*r + 11. Is p(b) composite?
False
Suppose 6*y + y - 294 = 0. Suppose 0 = -4*a + 2810 + y. Is a a prime number?
False
Let l = -269 + 826. Is l a prime number?
True
Let i = -2273 - -3250. Is i composite?
False
Let r(x) = -3*x - 128 + 131 - 16*x. Let i be r(2). Let n = 81 + i. Is n a prime number?
False
Suppose -18 = -5*q + 92. Let d = 2 - q. Let l = 57 - d. Is l a prime number?
False
Suppose -15138 = -3*s - 2*a, -s + 725 = -a - 4326. Let d = -2757 + s. Is d a prime number?
False
Let h = 1397 + -808. Is h a prime number?
False
Let r = -6 - 2. Let b be -1 - 0/(r/(-2)). Is b/(((-9)/(-3))/(-1137)) a prime number?
True
Let m(b) = b**3 + 10*b**2 + 8*b - 8. Let z be m(-9). Let g(h) be the third derivative of 95*h**4/12 + h**3/6 - 13*h**2. Is g(z) composite?
False
Let r = 1402 - 832. Suppose -4*c - r = -9*c. Suppose -3*n = -c - 147. Is n a composite number?
True
Is -1*9/12 + 19653/12 composite?
False
Suppose -19*r = -17*r - 10. Suppose 0*a + 2*a - 274 = r*t, -3*t - 647 = -5*a. Is a a prime number?
True
Suppose 0 = -7*j + 1489 + 5112. Is j composite?
True
Suppose -9826 = -5*c + 2*i - 31256, -4*c + i = 17147. Let j = 8255 + c. Is j composite?
False
Let m(i) = -i**3 + 38*i**2 + 82*i - 77. Is m(38) prime?
False
Is ((-4)/(-6))/(59283342/3120174 + -19) prime?
True
Let p(c) = 2*c - 10. Let i be p(7). Suppose q = -i*q + 1810. Is q prime?
False
Let q(w) = 38*w - 13. Suppose d + 10 = 4*x - d, 0 = -2*x - 5*d - 25. Let y be (1 - x/2)*9. Is q(y) prime?
False
Suppose -k + 3 - 284 = 0. Let c be 2/(((-1)/242)/(-1)). Let p = k + c. Is p composite?
True
Let s be -4 + (-22 - 6/(-3)). Let y = s - -29. Suppose -y*i - 94 = -3*h + 91, -224 = -4*h + i. Is h prime?
False
Let z be (1 - 10*355) + 1. Let j = -106 + 103. Is (j/((-12)/z))/(-1) a prime number?
True
Let p = 17851 + -9540. Is p composite?
False
Suppose 4*a = -a - t - 17, -3*a - t = 9. Let c(l) = -12*l**2 + l + 3. Let u(h) = -24*h**2 + h + 5. Let z(m) = -13*c(m) + 6*u(m). Is z(a) a composite number?
False
Let b = -23163 + 37352. Is b a composite number?
True
Suppose 2*q - 226409 = -5*f, 73179 = 2*f - q - 17381. Is f a prime number?
True
Suppose 2897 = -5*o - v, -3*o + 3*v - 1763 + 32 = 0. Suppose 3*k + y + 64 = -800, 4*k = -4*y - 1152. Let q = k - o. Is q a prime number?
False
Let t(x) = 1 - 2 + 166*x - 1 - 53*x. Let a be t(-2). Is ((-22)/6)/(4/a) a composite number?
True
Let b(q) = -q - 1. Let w be b(-4). Let d be ((-103)/3)/((-16)/96). Suppose -w*x + x = -d. Is x a prime number?
True
Suppose -2*y = 4*t - 21293 + 1019, -3*t + 30399 = 3*y. Is y a composite number?
True
Suppose -7*n = -16*n - 9594. Let v = n - -2503. Is v prime?
False
Let v = -42494 + 64195. Is v a prime number?
True
Is 6/((-72)/15) - (-70191)/44 a composite number?
True
Suppose -25*m + 21010 - 235 = 0. Is m composite?
True
Let p be 0 + (-6)/(-4)*(-48)/(-36). Suppose -4*y + 8348 + 12753 = -5*t, -p*t + 21066 = 4*y. Is y prime?
False
Let f(g) = -9*g**2 + 4*g + 1. Let h be f(-3). Let o = h + 185. Is o a prime number?
False
Suppose -o = 4*h + 21150 - 109055, -3*h + 65934 = -o. Is h composite?
False
Suppose -2*d = -2*d - 2*d. Is 266 - (d + (8 - 4)) composite?
True
Let r(z) = -z + 2*z - z**3 + 5*z - 5*z**2. Let i be r(-6). Suppose 5*o + 3*a + i*a - 115 = 0, o = 4*a + 46. Is o a prime number?
False
Is (63 - -33094) + -1 + 1 prime?
False
Suppose 974 = 4*i + 2*y - 17206, -3*i + 4*y + 13657 = 0. Is i a prime number?
True
Let c = 4605 - -2828. Is c composite?
False
Suppose b + q = 6, -3*b - q = q - 17. Let n(h) = 6*h - 11. Is n(b) a composite number?
False
Suppose 2*h + 88 = 92. Suppose -4*k + 5884 = 3*r, -3*k - h*r = r - 4413. Is k prime?
True
Let g(z) = -z**3 - 6*z**2 + 7*z - 7. Let v be g(-7). Let q(x) = -1 - 17*x + 14*x - 9*x + 2. Is q(v) a prime number?
False
Let o(x) = x - 1. Let t(l) = -l**2 + 3*l - 4. Let r(j) = 4*o(j) - t(j). Let a(v) = -16*v**2 + v + 7. Let h(g) = -a(g) + 4*r(g). Is h(-6) composite?
True
Let y = -242 - -361. Is y a composite number?
True
Suppose -4*h = 32 + 8. Let m = 56 + h. Suppose -i - i = 4*a - m, -4*i + 152 = -4*a. Is i composite?
True
Suppose 0 = -4*i + 16, -i = p - 0*p + 77. Is (-8942)/(-18) - 18/p composite?
True
Let l = -124 - -270. Let k = l + -81. Suppose -10 = r - 6*r, 3*f = 5*r + k. Is f a prime number?
False
Suppose -f = f - 14. Let y = f - 6. Let a(o) = 38*o - 1. Is a(y) a composite number?
False
Suppose 0 = 2*j - t - 3, -3*j + t - 2 = -